ist the prime factors of 1653137.
31, 53327
List the prime factors of 4607281.
7, 179, 3677
List the prime factors of 2192702.
2, 1096351
What are the prime factors of 17309766?
2, 3, 2884961
List the prime factors of 1365799.
1365799
List the prime factors of 365943.
3, 223, 547
List the prime factors of 13577766.
2, 3, 43, 52627
What are the prime factors of 262055?
5, 17, 3083
What are the prime factors of 194127?
3, 64709
What are the prime factors of 1187869?
29, 40961
What are the prime factors of 4205389?
23, 67, 2729
What are the prime factors of 504464?
2, 41, 769
List the prime factors of 21883665.
3, 5, 1458911
List the prime factors of 5348855.
5, 113, 9467
List the prime factors of 20277953.
20277953
What are the prime factors of 2366673?
3, 788891
List the prime factors of 200062.
2, 67, 1493
List the prime factors of 12223171.
89, 137339
What are the prime factors of 9384096?
2, 3, 239, 409
What are the prime factors of 27594?
2, 3, 7, 73
List the prime factors of 9334166.
2, 79, 59077
What are the prime factors of 577045?
5, 7, 16487
List the prime factors of 29513274.
2, 3, 7, 47, 14951
List the prime factors of 3326170.
2, 5, 332617
List the prime factors of 35965614.
2, 3, 5994269
What are the prime factors of 646216?
2, 80777
What are the prime factors of 799450?
2, 5, 59, 271
List the prime factors of 632475.
3, 5, 937
What are the prime factors of 2105231?
2105231
List the prime factors of 19581.
3, 61, 107
List the prime factors of 257288.
2, 29, 1109
List the prime factors of 2645790.
2, 3, 5, 7, 43, 293
List the prime factors of 33224.
2, 4153
What are the prime factors of 62523?
3, 6947
What are the prime factors of 299453?
7, 11, 3889
List the prime factors of 417492.
2, 3, 11597
List the prime factors of 1182328.
2, 7, 43, 491
List the prime factors of 2404372.
2, 601093
What are the prime factors of 6695189?
101, 151, 439
List the prime factors of 2443667.
2443667
What are the prime factors of 204838?
2, 23, 61, 73
What are the prime factors of 3932442?
2, 3, 72823
List the prime factors of 71498.
2, 7, 5107
List the prime factors of 8955729.
3, 995081
What are the prime factors of 5022295?
5, 41, 24499
List the prime factors of 460052.
2, 115013
List the prime factors of 60796.
2, 15199
What are the prime factors of 5629485?
3, 5, 59, 6361
List the prime factors of 166230.
2, 3, 5, 1847
What are the prime factors of 17552581?
1609, 10909
What are the prime factors of 4579808?
2, 167, 857
List the prime factors of 6679216.
2, 417451
What are the prime factors of 1580075?
5, 7, 9029
What are the prime factors of 16010578?
2, 19, 421331
List the prime factors of 680450.
2, 5, 31, 439
List the prime factors of 149580.
2, 3, 5, 277
What are the prime factors of 390239?
37, 53, 199
List the prime factors of 334136.
2, 11, 3797
List the prime factors of 408682.
2, 233, 877
What are the prime factors of 1463130?
2, 3, 5, 5419
List the prime factors of 217611.
3, 24179
List the prime factors of 737511.
3, 17, 14461
List the prime factors of 51820.
2, 5, 2591
What are the prime factors of 100417?
100417
What are the prime factors of 19181550?
2, 3, 5, 127877
List the prime factors of 85243.
85243
What are the prime factors of 5090995?
5, 7, 13, 67, 167
What are the prime factors of 12312016?
2, 97, 7933
List the prime factors of 1131767.
7, 13, 12437
What are the prime factors of 224658?
2, 3, 7, 1783
What are the prime factors of 2814504?
2, 3, 7, 11, 1523
What are the prime factors of 1400446?
2, 700223
What are the prime factors of 2708477?
2708477
What are the prime factors of 219546?
2, 3, 12197
List the prime factors of 3154716.
2, 3, 87631
What are the prime factors of 54344?
2, 6793
What are the prime factors of 16433?
16433
List the prime factors of 90021.
3, 37, 811
List the prime factors of 148004.
2, 163, 227
What are the prime factors of 17052443?
19, 897497
List the prime factors of 1531933.
13, 117841
List the prime factors of 12983.
12983
List the prime factors of 5982995.
5, 313, 3823
What are the prime factors of 10859?
10859
What are the prime factors of 453247?
453247
What are the prime factors of 1484696?
2, 23, 8069
List the prime factors of 28102654.
2, 14051327
List the prime factors of 10223840.
2, 5, 11, 37, 157
List the prime factors of 28767129.
3, 43, 269, 829
What are the prime factors of 359224?
2, 83, 541
List the prime factors of 152051.
383, 397
What are the prime factors of 2328662?
2, 7, 47, 3539
What are the prime factors of 125549?
223, 563
List the prime factors of 747.
3, 83
What are the prime factors of 2975578?
2, 17, 87517
List the prime factors of 1116809.
1116809
What are the prime factors of 3977458?
2, 1988729
List the prime factors of 1283353.
1283353
List the prime factors of 1540152.
2, 3, 21391
List the prime factors of 246846.
2, 3, 41141
What are the prime factors of 867739?
157, 5527
List the prime factors of 12948134.
2, 199, 32533
List the prime factors of 298886.
2, 7, 37, 577
What are the prime factors of 195676?
2, 13, 53, 71
List the prime factors of 3567940.
2, 5, 178397
What are the prime factors of 221380?
2, 5, 11069
List the prime factors of 205086.
2, 3, 7, 19, 257
What are the prime factors of 157512?
2, 3, 6563
List the prime factors of 889551.
3, 13, 7603
What are the prime factors of 3139473?
3, 43, 24337
List the prime factors of 8155804.
2, 2038951
What are the prime factors of 1401788?
2, 350447
What are the prime factors of 18366077?
29, 97, 6529
What are the prime factors of 2370042?
2, 3, 353, 373
List the prime factors of 45653762.
2, 7, 11, 31, 73, 131
What are the prime factors of 1653151?
229, 7219
List the prime factors of 5023560.
2, 3, 5, 41863
List the prime factors of 2817902.
2, 233, 6047
List the prime factors of 840041.
223, 3767
List the prime factors of 32597.
37, 881
List the prime factors of 42683.
42683
List the prime factors of 533163.
3, 23, 7727
What are the prime factors of 725282?
2, 23, 15767
What are the prime factors of 129819?
3, 109, 397
What are the prime factors of 7199075?
5, 13, 17, 1303
What are the prime factors of 208729?
208729
List the prime factors of 21463988.
2, 7, 13, 58967
List the prime factors of 543854.
2, 271927
What are the prime factors of 8338786?
2, 4169393
List the prime factors of 41482.
2, 7, 2963
List the prime factors of 66300.
2, 3, 5, 13, 17
List the prime factors of 9831804.
2, 3, 819317
What are the prime factors of 1140178?
2, 13, 43853
List the prime factors of 5202714.
2, 3, 11, 17, 4637
What are the prime factors of 244850?
2, 5, 59, 83
List the prime factors of 2561940.
2, 3, 5, 43, 331
List the prime factors of 316425.
3, 5, 4219
What are the prime factors of 301037?
11, 27367
What are the prime factors of 824139?
3, 91571
What are the prime factors of 232009?
19, 12211
What are the prime factors of 529533?
3, 17, 3461
List the prime factors of 8503779.
3, 421, 6733
What are the prime factors of 9002328?
2, 3, 375097
What are the prime factors of 2548005?
3, 5, 37, 4591
What are the prime factors of 10263431?
2347, 4373
What are the prime factors of 1258503?
3, 19, 22079
What are the prime factors of 350934?
2, 3, 23, 2543
List the prime factors of 576241.
211, 2731
List the prime factors of 739781.
7, 105683
What are the prime factors of 2023042?
2, 7, 83, 1741
List the prime factors of 30075307.
211, 142537
What are the prime factors of 1664172?
2, 3, 19, 811
What are the prime factors of 29928?
2, 3, 29, 43
List the prime factors of 142736.
2, 11, 811
What are the prime factors of 12?
2, 3
What are the prime factors of 1913865?
3, 5, 127591
List the prime factors of 22645658.
2, 7, 1617547
What are the prime factors of 183829?
183829
List the prime factors of 4572147.
3, 23, 43, 67
What are the prime factors of 15614377?
311, 50207
What are the prime factors of 1886325?
3, 5, 7, 3593
What are the prime factors of 18151333?
173, 239, 439
What are the prime factors of 2545951?
307, 8293
What are the prime factors of 63541?
63541
List the prime factors of 27842762.
2, 1061, 13121
List the prime factors of 224856.
2, 3, 347
List the prime factors of 428664.
2, 3, 53, 337
List the prime factors of 2205943.
29, 43, 61
What are the prime factors of 58442?
2, 29221
What are the prime fa